What is the hundreds digit of 542383?
3
What is the ten thousands digit of 1755504?
5
What is the ten thousands digit of 93101?
9
What is the ten thousands digit of 4808474?
0
What is the tens digit of 68169?
6
What is the ten thousands digit of 469867?
6
What is the millions digit of 3656913?
3
What is the ten millions digit of 12298744?
1
What is the ten thousands digit of 335308?
3
What is the ten thousands digit of 535716?
3
What is the units digit of 5723056?
6
What is the tens digit of 652400?
0
What is the tens digit of 120635?
3
What is the units digit of 48690?
0
What is the thousands digit of 898928?
8
What is the tens digit of 451104?
0
What is the units digit of 34255?
5
What is the tens digit of 216474?
7
What is the hundreds digit of 737240?
2
What is the thousands digit of 335865?
5
What is the hundreds digit of 221640?
6
What is the hundred thousands digit of 1003846?
0
What is the ten thousands digit of 18226551?
2
What is the thousands digit of 625414?
5
What is the hundreds digit of 332647?
6
What is the ten thousands digit of 718119?
1
What is the ten thousands digit of 488625?
8
What is the units digit of 117367?
7
What is the units digit of 40956?
6
What is the units digit of 1389854?
4
What is the ten thousands digit of 3515976?
1
What is the ten thousands digit of 53684?
5
What is the hundred thousands digit of 703791?
7
What is the hundreds digit of 1393731?
7
What is the hundred thousands digit of 218776?
2
What is the ten thousands digit of 1060261?
6
What is the millions digit of 22317484?
2
What is the hundreds digit of 574865?
8
What is the tens digit of 1731564?
6
What is the hundred thousands digit of 121746?
1
What is the millions digit of 1009789?
1
What is the hundred thousands digit of 13873762?
8
What is the ten thousands digit of 777509?
7
What is the units digit of 84439?
9
What is the hundred thousands digit of 11289937?
2
What is the ten thousands digit of 9548997?
4
What is the units digit of 563343?
3
What is the tens digit of 5554141?
4
What is the tens digit of 34056?
5
What is the ten thousands digit of 1166556?
6
What is the tens digit of 238163?
6
What is the millions digit of 30350730?
0
What is the ten thousands digit of 27306262?
0
What is the hundred thousands digit of 402989?
4
What is the thousands digit of 1710048?
0
What is the hundreds digit of 838122?
1
What is the hundreds digit of 10811843?
8
What is the thousands digit of 2355166?
5
What is the ten millions digit of 31917257?
3
What is the tens digit of 186567?
6
What is the hundred thousands digit of 261861?
2
What is the thousands digit of 792816?
2
What is the tens digit of 18947088?
8
What is the units digit of 514660?
0
What is the units digit of 112509?
9
What is the tens digit of 1209266?
6
What is the units digit of 231443?
3
What is the units digit of 190227?
7
What is the tens digit of 20783235?
3
What is the thousands digit of 21274557?
4
What is the tens digit of 8463100?
0
What is the hundreds digit of 204589?
5
What is the hundred thousands digit of 11376696?
3
What is the ten thousands digit of 3814984?
1
What is the ten thousands digit of 997272?
9
What is the hundreds digit of 323553?
5
What is the thousands digit of 2539657?
9
What is the hundreds digit of 423308?
3
What is the units digit of 6101459?
9
What is the thousands digit of 160600?
0
What is the hundreds digit of 822144?
1
What is the hundred thousands digit of 225784?
2
What is the hundreds digit of 13788542?
5
What is the ten thousands digit of 2901926?
0
What is the hundreds digit of 806873?
8
What is the hundreds digit of 94407?
4
What is the thousands digit of 122863?
2
What is the units digit of 287496?
6
What is the thousands digit of 20597036?
7
What is the hundreds digit of 1242774?
7
What is the ten thousands digit of 927069?
2
What is the hundred thousands digit of 15440521?
4
What is the thousands digit of 2051478?
1
What is the units digit of 351651?
1
What is the thousands digit of 286316?
6
What is the hundred thousands digit of 596025?
5
What is the thousands digit of 26111567?
1
What is the hundred thousands digit of 560477?
5
What is the hundred thousands digit of 16038024?
0
What is the hundred thousands digit of 1424744?
4
What is the hundred thousands digit of 795811?
7
What is the hundred thousands digit of 20325577?
3
What is the ten thousands digit of 1990865?
9
What is the hundred thousands digit of 1084964?
0
What is the tens digit of 1673937?
3
What is the hundreds digit of 1406076?
0
What is the ten thousands digit of 759383?
5
What is the hundreds digit of 2900472?
4
What is the hundreds digit of 20668858?
8
What is the ten thousands digit of 1081768?
8
What is the thousands digit of 71249?
1
What is the ten thousands digit of 15183618?
8
What is the thousands digit of 18654802?
4
What is the tens digit of 12150541?
4
What is the thousands digit of 676169?
6
What is the hundreds digit of 5218329?
3
What is the hundred thousands digit of 342783?
3
What is the tens digit of 315413?
1
What is the hundred thousands digit of 6311358?
3
What is the millions digit of 3867287?
3
What is the hundred thousands digit of 28599481?
5
What is the units digit of 34278069?
9
What is the hundreds digit of 241763?
7
What is the millions digit of 9724305?
9
What is the ten thousands digit of 598348?
9
What is the thousands digit of 2564586?
4
What is the units digit of 28522?
2
What is the hundred thousands digit of 4960959?
9
What is the tens digit of 17821687?
8
What is the tens digit of 20990244?
4
What is the ten thousands digit of 5050822?
5
What is the units digit of 229131?
1
What is the tens digit of 5058061?
6
What is the hundreds digit of 6622884?
8
What is the hundreds digit of 2176393?
3
What is the units digit of 2479293?
3
What is the hundreds digit of 13252121?
1
What is the thousands digit of 943472?
3
What is the tens digit of 6395571?
7
What is the tens digit of 13113167?
6
What is the thousands digit of 1088840?
8
What is the ten thousands digit of 4170779?
7
What is the millions digit of 3831799?
3
What is the ten thousands digit of 2812014?
1
What is the millions digit of 3749372?
3
What is the ten thousands digit of 173718?
7
What is the thousands digit of 7004319?
4
What is the hundreds digit of 764301?
3
What is the hundred thousands digit of 4579305?
5
What is the thousands digit of 139859?
9
What is the units digit of 413865?
5
What is the ten thousands digit of 1111481?
1
What is the tens digit of 171760?
6
What is the hundred thousands digit of 14297460?
2
What is the ten thousands digit of 726520?
2
What is the ten millions digit of 27285568?
2
What is the units digit of 13431917?
7
What is the tens digit of 213008?
0
What is the units digit of 211318?
8
What is the units digit of 210851?
1
What is the tens digit of 319838?
3
What is the hundreds digit of 6549116?
1
What is the millions digit of 2052304?
2
What is the hundred thousands digit of 2415894?
4
What is the ten thousands digit of 3939717?
3
What is the ten millions digit of 12832669?
1
What is the tens digit of 2190156?
5
What is the millions digit of 1732392?
1
What is the ten thousands digit of 6098683?
9
What is the hundreds digit of 908878?
8
What is the ten thousands digit of 197372?
9
What is the hundreds digit of 742064?
0
What is the units digit of 107414?
4
What is the hundreds digit of 1186474?
4
What is the hundreds digit of 1580885?
8
What is the hundreds digit of 649532?
5
What is the hundreds digit of 843980?
9
What is the units digit of 44006?
6
What is the hundreds digit of 523164?
1
What is the tens digit of 14079548?
4
What is the units digit of 2728651?
1
What is the units digit of 77544?
4
What is the ten thousands digit of 7666323?
6
What is the ten thousands digit of 222860?
2
What is the thousands digit of 8224933?
4
What is the ten thousands digit of 35409983?
0
What is the units digit of 7166769?
9
What is the units digit of 941612?
2
What is the hundred thousands digit of 12594421?
5
What is the ten millions digit of 21750640?
2
What is the thousands digit of 364612?
4
What is the thousands digit of 83766?
3
What is the units digit of 11502631?
1
What is the thousands digit of 1356375?
6
What is the millions digit of 1028808?
1